 Let q be u(92). Give f(q).
-22
Let c(g) = -128*g**2 - 5*g - 45. Let a(w) = 59*w**2 + 2*w + 21. Let t(i) = 13*a(i) + 6*c(i). What is t(-3)?
6
Suppose -3*s - 4*z + 3 - 9 = 0, -3*s + 5*z = -21. Let n(o) = -6 + 7*o**s - 2*o**2 + o**3 + 2. Let m be -20*(-1)/(-40)*24 + 7. What is n(m)?
-4
Let y(i) = 148*i + 126. Let x(p) = -124*p - 127. Let t(z) = -6*x(z) - 5*y(z). Determine t(-42).
-36
Let t = -140 + 142. Let g(h) = 27*h**2 + 24*h**2 + 23*h**2 + h + t + 5*h**3 - 77*h**2. Give g(2).
32
Let c(g) = -3 + 4*g - 2 + 10. Let z = -242 + 239. Let r(p) = -28*p - 88. Let w be r(z). Give c(w).
-11
Let w(g) = 3*g**2 - 11*g + 12. Let u be (14/(-5) - -4)*(-20)/24*-2. Calculate w(u).
2
Let z(h) = -6*h**3 + 1. Let f = -317 + 324. Let d be (f - (-24)/(-4))*1. Calculate z(d).
-5
Suppose -a - 4*r - 24 = 0, -2*a - a = 3*r + 27. Let b = 0 + a. Let z = b - 1. Let x(o) = o + 5. Calculate x(z).
0
Suppose -11 - 1 = -3*j. Let s(t) = 0 - 3*t + 8 - 1 - 3 + j. Determine s(5).
-7
Let z(k) = -2*k**3 - 12*k**2 - 6*k + 16. Suppose -a + 107 = -5*s + 77, 0 = 5*a + 4*s + 53. Calculate z(a).
-4
Let c = 3366 + -3354. Let t(x) = -x**3 + 13*x**2 - 16*x + 23. Determine t(c).
-25
Suppose 4*z = f - 29 + 46, -4*z + 4*f + 32 = 0. Let d(v) be the first derivative of -7 - 5/2*v**2 - 5/3*v**z - 2*v - 1/4*v**4. What is d(-4)?
2
Let q(k) = 30*k + 3. Suppose -15*w + 4*h - 1 + 100 = 0, 0 = 4*w + h - 14. Determine q(w).
153
Let d(g) be the third derivative of 0*g - 73*g**2 + 1/10*g**5 + 0 - 1/12*g**4 + 1/3*g**3. Determine d(2).
22
Let a = -21906 + 21901. Let w(o) = 15*o + 42. Determine w(a).
-33
Suppose -127 = 29*j - 533. Let z(i) = -9*i + 10*i**2 - 10 - 25*i**2 + j*i**2. Give z(-8).
-2
Let z be 0/2 - (-6 + (-82 - 9)). Let s = z - 95. Let k(j) = 4*j**2 + 3*j - 1. Give k(s).
21
Suppose -121*y + 122*y + 5 = 2*o, -15 = -3*o + 3*y. Let a(w) = 6*w + 4. Give a(o).
4
Let d(j) = 3*j**3 + j**2 + 2*j + 4. Let v(h) = -7*h**3 - 3*h - 9. Let a be (-1024)/112 - (2 + -4)/14. Let x(l) = a*d(l) - 4*v(l). What is x(10)?
40
Let g(q) = -3*q**3 - q**2. Suppose -3*u = 0, -5*u + 15 = 3*d - 2*u. Let p be -5*-1*5/d. Suppose 3*j = -2 + p. Calculate g(j).
-4
Let t(r) = 5*r + 3. Suppose 0 = 26*x - 30*x - o - 30, 2*o + 42 = -5*x. What is t(x)?
-27
Let c(a) = a**2 - a - 7. Let n be (-7)/21 - (-574)/3. Suppose 0 = 35*v - n + 16. Give c(v).
13
Let x(r) = r - 6. Suppose 5*z - 7 = 2*h - 5*h, 0 = -z + 3*h - 13. Let o(j) = -2. Let g(u) = z*x(u) - 4*o(u). Determine g(6).
8
Let o(l) = -200*l**2 - 3*l + 3. Let m = 2236 + -2235. Determine o(m).
-200
Suppose 3*y - 7 = l, 0*l + 9 = 3*y - 3*l. Suppose y*u = 4*v + 10, 0*v = u + 4*v + 19. Let j(k) = -2*k**2 - k + 3. What is j(u)?
-12
Let f(c) be the first derivative of c**4/4 - c**3 - c**2/2 + c + 24. Let x be (-1)/2 - (-20)/8. Suppose -2*n + x = -2. Calculate f(n).
-5
Suppose 0 = 3*h - 4*d - 28, 2*h + 5*d = -0*h - 12. Let o(f) = -3*f**2 - 1 + 5*f - h*f + 0*f. Suppose 2 = -3*l + 2*n, 5*l - 10*n = -13*n - 16. What is o(l)?
-15
Suppose -14*j + 45*j - 6262 = 0. Let g = j - 209. Let a(t) = t**3 + 8*t**2 + 7*t + 7. Determine a(g).
7
Let n be (-13 - -6) + 5 + (-3 - 1). Let v be (-3)/(-6) + (-45)/n + -5. Let w(o) = o**3 - 5*o**2 + o + 1. Give w(v).
-14
Let h(p) = -p. Let i = 77 - 61. Suppose i = 4*y, 2*t - 24 + 4 = -4*y. Suppose -2*a - 12 - 4 = -4*d, 1 = -t*a + d. What is h(a)?
-2
Let j(h) = h - 3. Let d = 7 + -5. Let n = 681 - 686. Let x(s) = 3*s - 7. Let t(l) = d*x(l) + n*j(l). Calculate t(-5).
-4
Let j(r) be the third derivative of r**4/8 - 5*r**3/3 + 424*r**2 + 19*r. Suppose 0*w - 5*w = 5*m - 50, -2*w = -m - 14. Give j(w).
14
Let o(m) = 3*m**3 - m**2 + 2*m + 4. Let y be o(-1). Let z be 3*(92/(-138))/(y/(-3)). Let g(a) = a + 6. Determine g(z).
3
Suppose 4*q = 3*c + 3 - 4, -5*c + 19 = 2*q. Let r(p) = 2*p**2 - p**c - 26 + 11 + 6 + p + 2*p**3 - 3*p**2. What is r(0)?
-9
Let c = -15 - -22. Let n = c + 1. Let x(m) = -2 - n + 5 + 4 + m. Calculate x(2).
1
Suppose -7*v + 188 = 22*v + 18*v. Let o(d) = -5*d**2 + d + 3. Let w(n) = 14*n**2 - 4*n - 8. Let g(b) = -11*o(b) - 4*w(b). Calculate g(v).
3
Let s(f) = -8 - f - 15*f**2 + 19*f**2 + 23*f. Let m be s(-6). Let k(r) = -2*r + 6 + 3*r - 4*r - m. Give k(-6).
20
Let i(k) be the second derivative of -2*k**3 - k**2/2 - 1213*k. What is i(2)?
-25
Suppose 0 = -q, 4*q = -0*i + 5*i - 10. Let w(x) = 12*x**3 + 4*x**3 + 13*x**3 - 12*x - x**i + 11*x. What is w(-1)?
-29
Let r(n) = -19*n**2 + n**3 + 0*n**3 + 9 + 10*n**2 + 13*n - 5*n. Suppose -29*l + 5*l = -1392. Suppose -53*y - 40 = -l*y. Determine r(y).
9
Let i(j) = 58*j + 70. Let f(s) = 37*s + 34. Let a(n) = -5*f(n) + 3*i(n). Give a(3).
7
Let w(l) = 329*l - 2309. Let x be w(7). Let d(v) = v**3 + 4*v**2 - 9*v - 4. Give d(x).
-22
Let s be 52/14 + ((-115)/(-35) - 3). Suppose 6*r - 32 = s. Suppose 72*q = 69*q + r. Let g(l) = -3*l + 3. Determine g(q).
-3
Suppose 5*z + 5*p - 23 = p, 15 = -5*p. Let s(a) = -58*a - 191. Let u(b) = 300*b + 984. Let n(c) = 31*s(c) + 6*u(c). Determine n(z).
-3
Let s(g) = 5*g - 2. Let n(h) = 5*h**3 + 2*h - 2. Let y be n(1). Let i(z) = z**3 - 7*z**2 + 11*z - 7. Let j be i(y). Give s(j).
-12
Let r(h) = -2*h - 432. Let i(x) = 4*x + 371. Let q(g) = 4*i(g) + 3*r(g). Determine q(-18).
8
Let p(w) = w**3 + 6*w**2 + 4*w - 6. Let r = -628 + 633. Suppose 3*v + 40 = -r*v. Determine p(v).
-1
Let p be (0 + -4)*2/(-4). Let s(n) = 3*n - 141 + 139 + n**2 - p*n. What is s(0)?
-2
Let x(r) = 3508*r - 7 - 3509*r + 0. Let p = -103 - -111. Determine x(p).
-15
Suppose 159 = -35*p + 334. Let l(m) = m**2 - 3*m - 3. Determine l(p).
7
Let s(z) = -2*z**2 - z**3 + 1155 - 632 - z + z**2 - 533. Calculate s(-3).
11
Let b = 3261 - 3257. Let z(y) = -y**3 + 6*y**2 + 5*y + 1. Give z(b).
53
Let j(c) = 451*c - 4. Let z(b) = -382*b + 4. Let h(s) = 5*j(s) + 6*z(s). What is h(2)?
-70
Let c(l) = 5*l**2 - 8*l - 68. Let a(z) = z**2 - 2*z - 14. Let f(p) = -16*a(p) + 3*c(p). Give f(10).
0
Let k(o) = 6*o - 5. Suppose 25*u = -5*m + 30*u - 45, -2*m - 5*u = 39. Let g(i) = -i**3 - 11*i**2 + 11*i - 17. Let z be g(m). Give k(z).
-35
Suppose -313*k - 252 = -320*k. Let p be (70/5)/((-9)/(k/8)). Let b(v) = -v**2 - 10*v - 10. Calculate b(p).
11
Let p(a) be the first derivative of a**3/3 - 25*a**2 + 45*a + 2625. Calculate p(49).
-4
Let n be 1972/(-29)*4/(-16)*1. Let u(l) = l**3 - 16*l**2 - 23*l + 105. Give u(n).
3
Suppose -37*b + 17*b = -460. Suppose 4*r = -b*r - 81. Let w(s) = -s**3 - 5*s**2 - 2*s + 2. What is w(r)?
-10
Let u(f) = 2*f**3 + 18*f**2 + 17*f + 5. Let x be u(-8). Let z(g) = -14*g + 7. Determine z(x).
49
Let v(r) be the third derivative of -58*r + 1/60*r**5 - 1/3*r**4 - 2*r**2 + 0 - 11/6*r**3. What is v(8)?
-11
Let g(d) be the second derivative of -d**3/6 + 2*d**2 + 883*d + 2. Determine g(5).
-1
Let j(c) be the first derivative of c**6/360 - c**5/12 + 5*c**4/24 + c**3 + 8*c**2 + 29. Let f(l) be the third derivative of j(l). Calculate f(9).
-4
Let u(q) = -3611*q + 3609*q - 11 + 2*q**2 - 3*q**3 + 4*q**3. What is u(-2)?
-7
Suppose 3152 = -5*a - 2833. Let r be ((-532)/a)/(4/(-18)). Let u(f) = -3*f**2 - 1. Calculate u(r).
-13
Let z(u) = -12*u**2 - 10 - u**3 + 3*u**2 + 2*u**3 - u + 3*u. Let x = -50 + 59. Give z(x).
8
Let u(z) = 30*z**2 - 1. Let a(i) = 3*i - 25. Suppose 4*v = g - 24, 0 = 2*g + 17*v - 13*v. Let b be a(g). Calculate u(b).
29
Let s(z) be the third derivative of z**5/60 + 3*z**4/8 + z**3 + 195*z**2. Let h(q) = -q**2 + 27*q + 19. Let b be h(28). Calculate s(b).
6
Let y(x) = x**3 - x - 5. Let g be y(3). Let r = g + -18. Let h(f) = 6*f - r - 2*f - 2*f + 6. Determine h(5).
15
Suppose -z + 2*k = -8, 4*z + k - 11 = 3*z. Suppose 4*n + 2*w + 12 = 0, 4*n - 3*w = -z + 8. Let d(c) = -3*c**2 - 2*c. What is d(n)?
-8
Let u(a) be the third derivative of -a**5/60 + 11*a**4/24 + 5*a**3/3 - 2*a**2 - 488. Give u(15).
-50
Let k = 19269 + -19265. Let x(b) = -14 + 5*b - b + b. Determine x(k).
6
Let t(h) = 5*h**2. Let x(f) = f + 8. Let y be x(-6). Let s = 1 - y. Give t(s).
5
Suppose k - 31 = 1. Let i = k + -37. Let g(q) = -3*q - q + 1 + q + 3. Give g(i).
19
Let s(d) = 6 + 10*d - d**2 - 1 - d**3 - 5*d**2 - 1. Suppose -2*l - 988 = 2*l. Let m = l + 240. What is s(m)?
-17
Let k(f) = -3*f**3 + 10*f**2 - 20*f - 28. Let a(s) = -s**3 - 3*s**2 + s - 2. Let q(v) = 4*a(v) - k(v). What is q(-23)?
-3
Let d(m) = 11*m - 2. Let q be ((0 + 6)/(-6))/(-4 - 52/(-12)). What is d(q)?